{"id":51,"date":"2021-05-03T17:39:53","date_gmt":"2021-05-03T17:39:53","guid":{"rendered":"https:\/\/www.galwasteam.pl\/?page_id=51"},"modified":"2021-05-03T18:02:47","modified_gmt":"2021-05-03T18:02:47","slug":"oferta","status":"publish","type":"page","link":"https:\/\/www.galwasteam.pl\/index.php\/oferta\/","title":{"rendered":"Oferta"},"content":{"rendered":"<p>Oferuj\u0119 pranie tapicerek meblowych, samochodowych, wyk\u0142adzin i dywan\u00f3w. Czyszczenie i konserwacja tapicerek sk\u00f3rzanych. Korzystam tylko z najlepszych preparat\u00f3w dost\u0119pnych na rynku, przy czym kluczowe dla mnie jest by by\u0142y to zawsze preparaty bezpieczne dla ludzi i zwierz\u0105t. Podczas prania nie wydzielaj\u0105 si\u0119 \u017cadne opary, kt\u00f3re mog\u0142yby zaszkodzi\u0107 domownikom. Po praniu meble musz\u0105 wyschn\u0105\u0107, ale kontakt z nimi jest ca\u0142kowicie bezpieczny dla ludzi i zwierz\u0105t &#8211; nie musisz si\u0119 martwi\u0107, \u017ce dziecku cokolwiek si\u0119 stanie gdy dotknie wilgotnego naro\u017cnika \ud83d\ude42 Zapraszam do sprawdzenia\u00a0<a href=\"https:\/\/www.galwasteam.pl\/index.php\/oferta\/oferta-dla-domu\/\">Oferty dla domu<\/a> z wyszczeg\u00f3lnionymi us\u0142ugami jakie \u015bwiadcz\u0119 dla gospodarstw domowych i klient\u00f3w indywidualnych. W zak\u0142adce\u00a0<a href=\"https:\/\/www.galwasteam.pl\/index.php\/oferta\/oferta-dla-firm\/\">Oferta dla firm<\/a> szczeg\u00f3\u0142y skierowane do klient\u00f3w biznesowych &#8211; biur, restauracji, przedszkoli, wypo\u017cyczalni pojazd\u00f3w i wielu innych.<\/p>\n<p><img loading=\"lazy\" class=\"size-medium wp-image-22 aligncenter\" src=\"https:\/\/www.galwasteam.pl\/wp-content\/uploads\/2021\/05\/cropped-TAPICERKI2_sam-obrazek5x3kpix-scaled-3-300x172.jpg\" alt=\"\" width=\"300\" height=\"172\" srcset=\"https:\/\/www.galwasteam.pl\/wp-content\/uploads\/2021\/05\/cropped-TAPICERKI2_sam-obrazek5x3kpix-scaled-3-300x172.jpg 300w, https:\/\/www.galwasteam.pl\/wp-content\/uploads\/2021\/05\/cropped-TAPICERKI2_sam-obrazek5x3kpix-scaled-3-600x345.jpg 600w, https:\/\/www.galwasteam.pl\/wp-content\/uploads\/2021\/05\/cropped-TAPICERKI2_sam-obrazek5x3kpix-scaled-3-1024x588.jpg 1024w, https:\/\/www.galwasteam.pl\/wp-content\/uploads\/2021\/05\/cropped-TAPICERKI2_sam-obrazek5x3kpix-scaled-3-768x441.jpg 768w, https:\/\/www.galwasteam.pl\/wp-content\/uploads\/2021\/05\/cropped-TAPICERKI2_sam-obrazek5x3kpix-scaled-3-1536x882.jpg 1536w, https:\/\/www.galwasteam.pl\/wp-content\/uploads\/2021\/05\/cropped-TAPICERKI2_sam-obrazek5x3kpix-scaled-3.jpg 2000w\" sizes=\"(max-width: 300px) 100vw, 300px\" \/><\/p>\n","protected":false},"excerpt":{"rendered":"<p>Oferuj\u0119 pranie tapicerek meblowych, samochodowych, wyk\u0142adzin i dywan\u00f3w. Czyszczenie i konserwacja tapicerek sk\u00f3rzanych. Korzystam tylko z najlepszych preparat\u00f3w dost\u0119pnych na rynku, przy czym kluczowe dla mnie jest by by\u0142y to zawsze preparaty bezpieczne dla ludzi i zwierz\u0105t. Podczas prania nie wydzielaj\u0105 si\u0119 \u017cadne opary, kt\u00f3re mog\u0142yby zaszkodzi\u0107 domownikom. Po praniu meble musz\u0105 wyschn\u0105\u0107, ale kontakt <a class=\"read-more\" href=\"https:\/\/www.galwasteam.pl\/index.php\/oferta\/\">READ MORE<\/a><\/p>\n","protected":false},"author":1,"featured_media":0,"parent":0,"menu_order":1,"comment_status":"closed","ping_status":"closed","template":"","meta":[],"_links":{"self":[{"href":"https:\/\/www.galwasteam.pl\/index.php\/wp-json\/wp\/v2\/pages\/51"}],"collection":[{"href":"https:\/\/www.galwasteam.pl\/index.php\/wp-json\/wp\/v2\/pages"}],"about":[{"href":"https:\/\/www.galwasteam.pl\/index.php\/wp-json\/wp\/v2\/types\/page"}],"author":[{"embeddable":true,"href":"https:\/\/www.galwasteam.pl\/index.php\/wp-json\/wp\/v2\/users\/1"}],"replies":[{"embeddable":true,"href":"https:\/\/www.galwasteam.pl\/index.php\/wp-json\/wp\/v2\/comments?post=51"}],"version-history":[{"count":3,"href":"https:\/\/www.galwasteam.pl\/index.php\/wp-json\/wp\/v2\/pages\/51\/revisions"}],"predecessor-version":[{"id":66,"href":"https:\/\/www.galwasteam.pl\/index.php\/wp-json\/wp\/v2\/pages\/51\/revisions\/66"}],"wp:attachment":[{"href":"https:\/\/www.galwasteam.pl\/index.php\/wp-json\/wp\/v2\/media?parent=51"}],"curies":[{"name":"wp","href":"https:\/\/api.w.org\/{rel}","templated":true}]}}